igit of 1227?
2
What is the hundreds digit of 14079?
0
What is the hundreds digit of 1101?
1
What is the units digit of 27860?
0
What is the hundred thousands digit of 167282?
1
What is the thousands digit of 22509?
2
What is the units digit of 10938?
8
What is the thousands digit of 1915?
1
What is the hundreds digit of 1768?
7
What is the hundreds digit of 40136?
1
What is the thousands digit of 7686?
7
What is the hundreds digit of 20168?
1
What is the units digit of 4822?
2
What is the hundreds digit of 113?
1
What is the hundreds digit of 5167?
1
What is the units digit of 563?
3
What is the hundreds digit of 5665?
6
What is the units digit of 1723?
3
What is the ten thousands digit of 13626?
1
What is the units digit of 31403?
3
What is the units digit of 2262?
2
What is the units digit of 3886?
6
What is the thousands digit of 35504?
5
What is the hundreds digit of 34770?
7
What is the units digit of 4380?
0
What is the units digit of 1182?
2
What is the units digit of 51747?
7
What is the units digit of 865?
5
What is the units digit of 5054?
4
What is the ten thousands digit of 13251?
1
What is the thousands digit of 2071?
2
What is the tens digit of 2643?
4
What is the ten thousands digit of 126814?
2
What is the tens digit of 1872?
7
What is the tens digit of 11650?
5
What is the thousands digit of 1011?
1
What is the thousands digit of 3225?
3
What is the units digit of 1236?
6
What is the tens digit of 1482?
8
What is the units digit of 13460?
0
What is the hundreds digit of 535?
5
What is the units digit of 2724?
4
What is the tens digit of 6915?
1
What is the tens digit of 350?
5
What is the tens digit of 4008?
0
What is the tens digit of 2977?
7
What is the tens digit of 131894?
9
What is the thousands digit of 82754?
2
What is the thousands digit of 1222?
1
What is the hundreds digit of 19373?
3
What is the ten thousands digit of 35042?
3
What is the tens digit of 69721?
2
What is the hundreds digit of 4099?
0
What is the units digit of 14217?
7
What is the thousands digit of 27953?
7
What is the units digit of 64981?
1
What is the units digit of 252?
2
What is the hundreds digit of 28233?
2
What is the tens digit of 2249?
4
What is the tens digit of 445?
4
What is the tens digit of 6814?
1
What is the ten thousands digit of 16401?
1
What is the tens digit of 1318?
1
What is the hundreds digit of 11463?
4
What is the hundreds digit of 49437?
4
What is the units digit of 40645?
5
What is the tens digit of 24126?
2
What is the tens digit of 301?
0
What is the thousands digit of 34104?
4
What is the thousands digit of 71413?
1
What is the thousands digit of 1685?
1
What is the units digit of 1134?
4
What is the units digit of 106?
6
What is the units digit of 1663?
3
What is the thousands digit of 7228?
7
What is the hundreds digit of 9109?
1
What is the ten thousands digit of 39038?
3
What is the tens digit of 6106?
0
What is the thousands digit of 4136?
4
What is the hundreds digit of 1508?
5
What is the tens digit of 1007?
0
What is the units digit of 26406?
6
What is the tens digit of 9720?
2
What is the ten thousands digit of 46350?
4
What is the tens digit of 2274?
7
What is the ten thousands digit of 72596?
7
What is the tens digit of 47261?
6
What is the hundreds digit of 16398?
3
What is the hundreds digit of 12657?
6
What is the units digit of 63460?
0
What is the thousands digit of 10218?
0
What is the hundreds digit of 1022?
0
What is the hundreds digit of 18322?
3
What is the hundreds digit of 1399?
3
What is the units digit of 14369?
9
What is the thousands digit of 2256?
2
What is the units digit of 1267?
7
What is the tens digit of 197?
9
What is the tens digit of 5251?
5
What is the tens digit of 8071?
7
What is the units digit of 99?
9
What is the thousands digit of 1123?
1
What is the ten thousands digit of 36508?
3
What is the thousands digit of 20165?
0
What is the units digit of 36504?
4
What is the hundreds digit of 184?
1
What is the thousands digit of 132049?
2
What is the thousands digit of 3585?
3
What is the thousands digit of 96030?
6
What is the tens digit of 7528?
2
What is the tens digit of 32?
3
What is the tens digit of 332?
3
What is the units digit of 14994?
4
What is the tens digit of 5102?
0
What is the tens digit of 99?
9
What is the hundreds digit of 1256?
2
What is the tens digit of 1229?
2
What is the tens digit of 67707?
0
What is the hundred thousands digit of 100023?
1
What is the hundreds digit of 1585?
5
What is the hundreds digit of 3098?
0
What is the thousands digit of 1081?
1
What is the tens digit of 10?
1
What is the thousands digit of 36841?
6
What is the tens digit of 2300?
0
What is the units digit of 17733?
3
What is the units digit of 51?
1
What is the units digit of 1045?
5
What is the hundreds digit of 3084?
0
What is the hundreds digit of 600?
6
What is the units digit of 216?
6
What is the thousands digit of 29793?
9
What is the units digit of 2761?
1
What is the units digit of 272?
2
What is the units digit of 1071?
1
What is the tens digit of 286?
8
What is the hundreds digit of 4326?
3
What is the hundreds digit of 8227?
2
What is the hundreds digit of 17247?
2
What is the units digit of 6225?
5
What is the thousands digit of 3024?
3
What is the units digit of 1642?
2
What is the thousands digit of 5854?
5
What is the thousands digit of 51302?
1
What is the thousands digit of 2849?
2
What is the ten thousands digit of 98007?
9
What is the units digit of 15834?
4
What is the tens digit of 618?
1
What is the thousands digit of 28088?
8
What is the tens digit of 28?
2
What is the hundreds digit of 460?
4
What is the units digit of 957?
7
What is the hundreds digit of 22971?
9
What is the ten thousands digit of 118248?
1
What is the hundreds digit of 17548?
5
What is the tens digit of 947?
4
What is the units digit of 7?
7
What is the thousands digit of 3745?
3
What is the thousands digit of 5084?
5
What is the tens digit of 11841?
4
What is the units digit of 283?
3
What is the tens digit of 1011?
1
What is the hundreds digit of 33275?
2
What is the hundreds digit of 8672?
6
What is the units digit of 86579?
9
What is the tens digit of 91043?
4
What is the tens digit of 682?
8
What is the hundreds digit of 6826?
8
What is the tens digit of 17?
1
What is the hundred thousands digit of 207213?
2
What is the tens digit of 18309?
0
What is the thousands digit of 16773?
6
What is the hundreds digit of 79564?
5
What is the ten thousands digit of 27199?
2
What is the tens digit of 6640?
4
What is the hundreds digit of 11787?
7
What is the tens digit of 3003?
0
What is the thousands digit of 39841?
9
What is the tens digit of 1596?
9
What is the tens digit of 376?
7
What is the ten thousands digit of 17855?
1
What is the units digit of 327?
7
What is the hundreds digit of 643?
6
What is the tens digit of 14515?
1
What is the hundreds digit of 8824?
8
What is the tens digit of 801?
0
What is the units digit of 2507?
7
What is the units digit of 2981?
1
What is the thousands digit of 3069?
3
What is the tens digit of 154628?
2
What is the tens digit of 2166?
6
What is the tens digit of 2138?
3
What is the units digit of 2520?
0
What is the thousands digit of 1088?
1
What is the units digit of 906?
6
What is the hundreds digit of 612?
6
What is the units digit of 7310?
0
What is the tens digit of 64?
6
What is the ten thousands digit of 161152?
6
What is the thousands digit of 12234?
2
What is the ten thousands digit of 29414?
2
What is the hundreds digit of 853?
8
What is the tens digit of 2248?
4
What is the units digit of 7113?
3
What is the units digit of 1268?
8
What is the units digit of 597?
7
What is the tens digit of 23258?
5
What is the hundreds digit of 733?
7
What is the tens digit of 969?
6
What is the thousands digit of 179600?
9
What is the tens digit of 14490?
9
What is the units digit of 121219?
9
What is the tens digit of 874?
7
What is the thousands digit of 3774?
3
What is the tens digit of 5711?
1
What is the hundreds digit of 6031?
0
What is the units digit of 3682?
2
What is the units digit of 6620?
0
What is the hundreds digit of 7230?
2
What is the units digit of 2670?
0
What is the thousands digit of 4220?
4
What is the units digit of 2888?
8
What i